 l be 3 - 0 - -1*67. Let t = -23 + l. What is the tens digit of t?
4
Suppose 2*v = -4, 3*f + 3*v - 751 = 2*v. What is the tens digit of f?
5
Suppose 3*b + f + 4*f - 1 = 0, 0 = -2*b - f + 10. Let v(w) = -w**2 + 7*w + 6. Let r be v(b). Let j = 9 - r. What is the units digit of j?
3
Let v = 46 + -28. Suppose -4*x = -x - v. Suppose -t + x + 2 = 0. What is the units digit of t?
8
Let z = 299 - 128. What is the units digit of z?
1
Let y = 27 - 1. What is the tens digit of y?
2
What is the units digit of 17/((-102)/(-36)) + 76?
2
What is the units digit of ((-12)/(-9))/((-4)/(-6))?
2
Let j = 203 - 133. What is the units digit of j?
0
Let r(f) = f**3 - 9*f**2 - 5*f + 3. Let k be r(7). What is the units digit of 14/28 + k/(-4)?
3
Let v(s) = 3*s + 3. Let b be v(-3). Let m = b + 43. What is the units digit of m?
7
Let r(x) = -8 + x + 5 + x. What is the units digit of r(4)?
5
Let u = -319 - -692. What is the units digit of u?
3
Suppose 305 = -4*q + 9*q. What is the tens digit of q?
6
Let p be (-5)/(5/2 - 2). Let t be ((-3)/6 - 0)*p. Suppose -t*n = -5*q - 65, 5*q - 5 = -n + 26. What is the tens digit of n?
1
Let f(a) = 2*a**2 + 2*a + 4. Let u be 161/(-49) + 4/14. What is the units digit of f(u)?
6
Suppose 0 = -3*y + 6 + 6. Let g = y + 6. Let x = g + -4. What is the units digit of x?
6
Let g be (-54)/(-15) - (-4)/10. Let u = 1 - 1. Suppose u*i + g*i - 16 = 0. What is the units digit of i?
4
Suppose -2*t = z - 6, -6*z + 4 = -3*z - t. Let y = -11 + 13. Suppose 2*h = -y*k + z, -3*h - 4 = -h. What is the units digit of k?
3
Let d(k) = k - 3. Let a be d(-5). Let b(q) = -q**3 - 7*q**2 + 7*q. What is the units digit of b(a)?
8
Suppose 5*c - 225 = -0. Suppose -3*s - 6 = -c. What is the tens digit of s?
1
Let j = 109 + 12. What is the units digit of j?
1
What is the tens digit of 10/35 - (-1088)/14?
7
Let o = -316 + 564. What is the tens digit of o?
4
Let o be 2*1/6*-3. What is the units digit of -3 - o/(3/45)?
2
Suppose -q + v - 3 = -3*q, 0 = q + 3*v + 11. Suppose -l + 3 + q = 0. What is the units digit of l?
7
Let h = -175 + 264. What is the tens digit of h?
8
Suppose 4*w - 44 - 53 = -3*f, -w + 29 = -4*f. What is the tens digit of w?
2
Let f = 25 + 3. What is the units digit of (2 + -1)/(4/f)?
7
Suppose 2*v + 248 = 4*v. What is the units digit of v?
4
Let h(l) = -33*l - 57. What is the units digit of h(-6)?
1
Let t be 2/(-2) + (-3)/(-1). Suppose -5*a - t*q = -63, 2*a + 2*q = a + 11. What is the units digit of a?
3
Let p be 60/(-9) - (-3)/(-9). Let z = p - -12. What is the units digit of z?
5
Let i(n) = -12*n. Suppose 0 = 4*t + 4 - 0. Let v be i(t). Let d = -7 + v. What is the units digit of d?
5
Suppose 4*v + c = 7 + 9, -7 = -3*v - 2*c. Suppose 4*f = -0*f + 16. Suppose v*q - 4*n = 48, n - f*n = 6. What is the units digit of q?
8
Suppose o - 11 = -4*b, -5*o + b = -4*b - 80. What is the tens digit of o?
1
Let v = 18 - -51. Let i = -47 + v. What is the units digit of i?
2
Let j = 13 + -5. Suppose j*n = 4*n. Suppose -w + 4*h + 1 = 0, 4*w = -n*w - 2*h + 22. What is the units digit of w?
5
Let m(r) = -7*r - 8. What is the units digit of m(-6)?
4
Suppose -s = 5*d + s, 2*d + 4*s = -16. Let f(m) = m**3 - 2*m**2 + 2. What is the units digit of f(d)?
2
Suppose -142 - 48 = -5*r. Suppose u + 62 = 5*i, -r = -2*i - u - 3*u. What is the tens digit of i?
1
Suppose 5*t - 40 = -0*t. Let n = -5 + 12. Suppose n*r - 3*r = t. What is the units digit of r?
2
Suppose -2*p + 4*m + 358 = 0, -6 = -3*m - 18. What is the units digit of p?
1
Let u be (-39)/(-15)*(-10)/(-2). Let z = u + 19. What is the units digit of z?
2
Suppose 5*x - 4 = 6. Suppose -3*w + 5*w + 5*u - 39 = 0, -32 = -x*w + 2*u. What is the tens digit of w?
1
Let p(v) = v**3 - 7*v**2 - 3*v + 5. Let z be p(8). Let l = z - 31. What is the tens digit of l?
1
Let l(j) = j**2 + 2*j - 7. What is the units digit of l(5)?
8
What is the tens digit of (2/4)/((-8)/(-528))?
3
Suppose -3*r + 60 = -r. Let m be (84/10)/(9/r). Suppose -4*v + m = 2*x, -5*x - v - 2*v = -42. What is the units digit of x?
6
Suppose 0 = 29*a - 32*a + 33. What is the units digit of a?
1
Let m(s) = s**3 - 2*s**2 + s - 7. What is the units digit of m(5)?
3
Let f be (-8)/((-1)/((-2)/(-4))). Suppose f*l - 2*l - 4 = 0. Suppose l*k = 11 + 7. What is the units digit of k?
9
Let l = 30 - 5. Let z = l - 10. What is the tens digit of z?
1
Suppose -4*u = 5*w - 3*w + 16, 2*u + 6 = 0. Let s = w - -3. What is the units digit of s?
1
What is the units digit of (-4)/(-14) - 780/(-14)?
6
Let f = 138 - -6. What is the hundreds digit of f?
1
Let b be (-22)/(-4) + (-3)/6. Suppose -8*x = -b*x - 42. What is the units digit of x?
4
Suppose -2*w + 4*w = -x + 18, -2*w = 3*x - 26. Suppose -a + 20 = -0*a. Suppose -w*u + 3*u = -a. What is the units digit of u?
5
Suppose 5 - 15 = p. Let z be 0/((-5)/(p/4)). Suppose z*a - 7 = -a. What is the units digit of a?
7
Let t(q) = q**3 + 9*q**2 - 10*q + 6. Let v be t(-10). Let k = 7 + v. What is the tens digit of k?
1
Let q = -31 + 79. What is the tens digit of q?
4
Suppose -404 = -4*b - 3*f + 911, b = -f + 329. What is the tens digit of b?
2
Let x be (-10*1/2)/1. What is the units digit of 2/(10/(-9))*x?
9
Let o = 11 + -4. Let d(f) = -f**2 + 10*f - 2. What is the tens digit of d(o)?
1
Suppose 6*q - 3*q + 2*y = 76, 2*q - y - 60 = 0. Let h = -8 + q. What is the units digit of h?
0
Suppose -3*r = 3*c - 120, -154 = 4*c - 8*c + 2*r. What is the units digit of c?
9
Let y = 0 + 0. Suppose 2*m - 4*k = m + 12, -4*k - 12 = y. Suppose -4*n + 12 = -m. What is the units digit of n?
3
Let q = -33 + 34. What is the units digit of q?
1
Suppose -192 = -4*n + t, n - t - 240 = -4*n. Suppose -2*s = 2*s - n. What is the units digit of s?
2
Suppose -2*t + 33 + 59 = 0. What is the units digit of t?
6
Let q(t) = -t + 5. Let p be q(-15). Let v = p - 15. What is the units digit of v?
5
Let w(k) = 6*k + 1. Let m(c) = 31*c + 5. Let n(l) = 2*m(l) - 11*w(l). What is the units digit of n(-1)?
3
Suppose -5*r + 3*f + 1 = 2, -5*f = -4*r - 6. Let x = 15 - 6. Let j = r + x. What is the units digit of j?
0
Let g(m) = 2*m + 10. Let h be 28*((-3)/(-6) + 0). What is the units digit of g(h)?
8
Suppose 3*w = 5*c + 8*w - 120, -5*c + 3*w + 136 = 0. Let x = c - 15. What is the units digit of x?
1
Let q = 4 + 6. What is the tens digit of q?
1
What is the hundreds digit of (-90)/(-36)*(-316)/(-2)?
3
Let k(q) = -4*q + 12. Let o(s) = -1. Let y(z) = -k(z) - 5*o(z). What is the tens digit of y(7)?
2
Let w(f) = 2 + 0 + 2 - f. Suppose -3*s - 2 + 8 = 0. What is the units digit of w(s)?
2
Suppose 6*r - 432 = 330. What is the tens digit of r?
2
Let d(y) = y + 2. Let b be d(-2). Suppose b = -0*s - s + 10. Suppose 0 = -3*f + k + 35, -2*k + s = -4*f + 56. What is the units digit of f?
2
Suppose 0 = -5*a + 4*u + 19, 0*a + u = -3*a + 25. Let b be ((2 - 4)*a)/(-1). Let x = 21 - b. What is the units digit of x?
7
Let t(v) = -2 + 3 - 2*v + 1. Suppose -5*r - 10 = -0. What is the units digit of t(r)?
6
Let y = -11 - -16. Suppose 0 = -y*u + 5*h + 15, -u + 12 = 2*h - 0*h. What is the units digit of u?
6
Suppose 6*z - 3*z = -3*y + 93, -37 = -y + 5*z. What is the units digit of y?
2
Let q(v) = -119*v**3 + v**2 - 4*v - 4. What is the units digit of q(-1)?
0
Let m = -36 - -62. What is the units digit of m?
6
Let t be 19/7 - 10/(-35). Suppose -6 = t*g - 39. What is the tens digit of g?
1
Let p(m) = -4*m - 3. Let t = 2 + -4. Let s be p(t). Suppose 0 = s*y + 3*v - 27, 0 = 3*y + v - 16 - 1. What is the units digit of y?
6
Let i = -106 - -155. What is the units digit of i?
9
Suppose 0 = -4*n - 5*c + 90, -4*n + 7*c = 4*c - 74. Suppose 0 = r + r - n. What is the tens digit of r?
1
Let g = -4 + 6. Let a(s) = -1 - g*s - 3 + 0. What is the units digit of a(-4)?
4
Let y(g) = -g**2 + 2. Let n be y(0). Suppose -4*x - n*i + 30 + 58 = 0, -i = -4*x + 76. What is the units digit of x?
0
Let r = 118 - 46. What is the tens digit of r?
7
Let z = 5 + -7. Let r = 2 + z. Suppose r*j + 12 = 4*j. What is the units digit of j?
3
Let x = 94 - 56. Suppose -2*z - z + 40 = l, l = -2*z + x. What is the units digit of l?
4
Let r = 43 - 18. What is the tens digit of r?
2
Let w(d) = 12*d - 4. What is the units digit of w(12)?
0
Suppose z = 21 + 18. What is the units digit of z?
9
Let p(m) = -7*m**3 - 9*m**2 - 7*m + 10. Let a(t) = -t**3 - t**2 - t + 1. Le